he remainder when -18*(-2)/(-2)*-1 is divided by 7?
4
Suppose 16 = 5*n - 3*n. Let h be ((-94)/8)/((-4)/(-16)). Let a = h - -68. Calculate the remainder when a is divided by n.
5
Suppose 120 = 3*p + b, -2*b - b + 160 = 4*p. What is the remainder when p is divided by 11?
7
Let w(k) = 4*k - 6. Let i be w(5). Let v be 7/i + (-110)/(-4). Suppose -3*d + v = -14. Calculate the remainder when d is divided by 4.
2
Suppose -2*l + 66 = k, -5*l + 5*k - 9*k + 162 = 0. Calculate the remainder when 119 is divided by l.
17
Suppose 6 = c - d, -3*c - 21 = 4*d - 4. Suppose -c = v - 7. Let x(u) = -u**3 + 6*u**2 + 3*u - 3. What is the remainder when 29 is divided by x(v)?
14
Let d = -64 - -108. Calculate the remainder when d is divided by 24.
20
Let l(f) = f + 2. Let y be l(3). Suppose -3*q - y*t - 19 = 0, -t - t - 1 = -q. Let o(k) = -7*k - 2. Calculate the remainder when o(q) is divided by 7.
5
Let c(r) = -r**3 - 7*r**2 - 13*r - 11. Calculate the remainder when 19 is divided by c(-5).
3
Let a = 3 - -17. What is the remainder when 38 is divided by a?
18
Let d be (-210)/(-4) - 15/10. Suppose -k + d = 2*k. Calculate the remainder when 524/16 + (-1)/(-4) is divided by k.
16
Let q = 5 - 6. Let j = -9 - -21. What is the remainder when -2 + q + 13*2 is divided by j?
11
Let x be -3*2*(3 - 6). Suppose -l + 8 = 1. What is the remainder when x/8*(-64)/(-12) is divided by l?
5
Let b(i) = -54*i + 52*i - 3*i**2 - 1 + i**2 - 23*i**3. What is the remainder when b(-1) is divided by 6*3*2/3?
10
Let j = 227 + -65. Suppose -7*f - 5*c = -2*f - 185, -3*c = -4*f + j. What is the remainder when f is divided by 14?
11
Suppose -c = -3*c + 8. Calculate the remainder when 66 is divided by (c - -15) + (1 - 3).
15
Suppose -4*d + 0*d + 3 = -f, -d = -3*f + 35. Suppose 0*q + 3*u = 5*q - 9, 0 = 5*q - u - f. What is the remainder when 7 is divided by q?
1
Let i(p) be the third derivative of -p**6/60 - p**5/15 + p**4/6 + 5*p**3/6 - 3*p**2. What is the remainder when i(-4) is divided by 18?
17
Suppose 0*w + 3*w + 3*c - 39 = 0, 0 = -3*w - 4*c + 39. Let l = w + -8. What is the remainder when 12 is divided by l?
2
Suppose 0*h + 2*h + 8 = 0. Let s = 6 + h. Suppose 2*a + s*u - 44 = 0, -2*a + 3*u - 102 = -7*a. What is the remainder when 52 is divided by a?
16
Suppose -7*i + 2*i + 25 = 0. Suppose -193 = -5*b - v - 24, 0 = -i*b + v + 171. What is the remainder when b is divided by 18?
16
Suppose 50 = 4*p - 54. What is the remainder when 50 is divided by p?
24
Let d = 19 - 36. What is the remainder when 63 is divided by (-9 - d)*(-11)/(-4)?
19
Suppose h = -3*h + 908. Calculate the remainder when h is divided by 57.
56
Let s(u) = 2*u - 4. Let c be s(4). Suppose -m = c - 18. Let n = 23 + 18. What is the remainder when n is divided by m?
13
Suppose -24 + 3 = -3*l. Calculate the remainder when 27 is divided by l.
6
Let p(z) = 9*z + 36. Calculate the remainder when p(5) is divided by 28.
25
Suppose -2*j = j - 174. Let h = 5 + -9. Calculate the remainder when j is divided by 18 - (-3)/((-6)/h).
18
Suppose 0*v - v + 2 = 0. Let t(h) = 5*h**3 - 2*h**2 + 3*h - 1. What is the remainder when t(v) is divided by 10?
7
Suppose 13 = 3*w - 4*f, 5*f + 3 + 2 = 0. Suppose -6*l = -l + 2*s - 128, s - 76 = -w*l. Calculate the remainder when l is divided by 13.
11
What is the remainder when 43 is divided by (-48)/(-4) + (2 - -2)?
11
Calculate the remainder when (-4)/(-6) + 3/((-27)/(-588)) is divided by 14.
10
Suppose -a + 0 = 2. What is the remainder when (17/a)/((-4)/8) is divided by 10?
7
Suppose 3*x + o - 203 = 0, -2*x + 57 = -4*o - 97. Suppose -2*l + 28 = -0*l. What is the remainder when x is divided by l?
13
Let g(h) = 6*h + 3*h**2 + 4 - h**2 - 4. Suppose 0 = -5*j - 0*j + 15. What is the remainder when g(-4) is divided by j?
2
Suppose -2*z + 2*v + 22 = v, 4*z + 4*v = 20. What is the remainder when z is divided by ((-27)/(-6))/(6/8)?
3
Let b = 257 - 179. Suppose -5*z + b = -132. Calculate the remainder when z is divided by 15.
12
Let c = 10 + 7. Let x(j) = -j**3 + 3*j**2 + 2*j - 4. Calculate the remainder when c/5 - (-2)/(-5) is divided by x(3).
1
Suppose -5*p - 43 = -118. Let k(q) = q**3 - 2*q**2 + q - 4. Calculate the remainder when p is divided by k(3).
7
Suppose -5*m + 6*n + 245 = n, 1 = n. Suppose -2*u + m = 8. Calculate the remainder when u is divided by 6.
3
Let t = 0 + 7. Suppose 2*h - t*h + 80 = -5*b, b = -5*h + 74. What is the remainder when 28 is divided by h?
13
Let f = -19 - -28. Calculate the remainder when 24 is divided by f.
6
Suppose x = -4*x + 60. Let q = x + -8. What is the remainder when 15 is divided by q?
3
Suppose -5*u - 112 = -3*h, 0 = 4*u - 5*h + 2*h + 92. Let y be ((-5)/(-3))/((-5)/(-15)). What is the remainder when y*11*u/(-25) is divided by 15?
14
Let t(y) = 10*y - 1. Let z be t(3). Suppose 5*c - 26 - z = 0. Calculate the remainder when 20 is divided by c.
9
Suppose j + 3*f = -8, -6 = j - 5*f - 30. Suppose -5*y + j*y + 54 = 0. What is the remainder when y is divided by 14?
12
Let p = 50 + -47. Calculate the remainder when 10 is divided by p.
1
Suppose 3*m + 5 = 113. Let f = -19 + m. Suppose -a - l = 2*a - 21, -5*a = -2*l - 24. Calculate the remainder when f is divided by a.
5
Let u = -6 - -9. What is the remainder when u is divided by (6 - 7)/(1 + -2)?
0
Let u(m) = m**2 + 2*m - 2. Let x be u(1). Suppose 0 = h - d - 18, -x = 2*d + 7. What is the remainder when h is divided by 8?
6
Let h(t) = t**2 - 6*t + 6. Let c be 0 - -8 - 12/6. What is the remainder when 22 is divided by h(c)?
4
Let z(a) = -a**3 + 8*a**2 + 13*a - 13. Let t be z(9). Let p = 43 - t. Calculate the remainder when 77 is divided by p.
17
Suppose -5 = -4*g + 11. Suppose g*d + 4 + 8 = 0, p - 54 = 3*d. Suppose 3*m - p + 12 = 0. What is the remainder when m is divided by 4?
3
Let m(b) = -7*b + 0*b**2 - 4 - b**2 + 0*b**2. Calculate the remainder when m(-3) is divided by (-55)/(-10) - 2/4.
3
Let h = -1 - -1. Suppose 10 = -h*g + g. Suppose 4*k - f - 47 - 33 = 0, -4 = f. What is the remainder when k is divided by g?
9
Suppose 2*k = c + 4*c - 26, 23 = 5*c - k. Suppose 9*s = c*s + 100. Calculate the remainder when 38 is divided by s.
18
Let t = 97 + -42. Let k(q) = 5*q - 6. What is the remainder when t is divided by k(4)?
13
Let b be ((-16)/20)/((-1)/15). Suppose -b = -5*k + k. Let j(c) = c**2 - 9*c + 9. Calculate the remainder when j(9) is divided by k.
0
Let v = 46 - 9. Calculate the remainder when 221 is divided by v.
36
Suppose -3*v = -0*t - 5*t - 712, t = v - 238. Suppose -5*p + v = -116. What is the remainder when p is divided by 36?
35
Suppose i + 2 + 0 = 0. Let v be (39*-1)/(3/i). What is the remainder when 5 is divided by 100/v + 12/78?
1
Let l be 9/(-7) - 8/(-28). Calculate the remainder when 9 is divided by 6/2 - 1*l.
1
Let z(k) = -2*k**3 + 12*k**2 + 6*k + 12. Calculate the remainder when 95 is divided by z(6).
47
Suppose u = -12 - 8. Let d = -11 - u. Calculate the remainder when d is divided by 3.
0
Let c = -157 - -252. What is the remainder when c is divided by 26?
17
Let o = 20 - 15. Let p = 11 + o. Calculate the remainder when 61 is divided by p.
13
Suppose 0 = 4*g + 3*r - 81, -4*r - r - 49 = -g. What is the remainder when g is divided by (2/(6/39))/1?
11
Let k be 58/6 + 6/(-9). Suppose 5*a = 3*p + p - 63, 0 = -2*p - 5*a + k. Let n = p - 2. What is the remainder when 28 is divided by n?
8
Let i = 10 + -7. Suppose 2*h - 44 = -4*y, -i*y + 52 = 2*y + 4*h. Suppose -5*o = -2*o - y. What is the remainder when 11 is divided by o?
3
Let m(r) = r**3 - r**2 - 5*r + 2. Let u be m(3). Suppose -y = -5*t - 37, -t - 41 = -u*y + 2*y. What is the remainder when y is divided by 7?
5
Suppose 0 = 4*l - 2*b - 82, -5*b = -4*b - 3. Let i be 8/((2/2)/1). Let u = 20 - i. Calculate the remainder when l is divided by u.
10
Let a be (1 - 1)/(-1) + 4. Suppose 4*z = a, -116 = -3*g - z + 2*z. What is the remainder when g is divided by 14?
11
Let g(n) = -n - 6. Calculate the remainder when 4 is divided by g(-9).
1
Suppose 0*q = q - 22. Suppose 8*u - 80 = -g + 3*u, 171 = 2*g - u. What is the remainder when g is divided by q?
19
Suppose -4*k - 5*d + 34 = 0, -4*d = -5*k + 25 - 3. What is the remainder when 8 is divided by k?
2
Suppose 0 = 10*k - 4*k - 162. What is the remainder when k is divided by 10?
7
Let w be (-6)/(-4)*(-8)/(-6). Suppose 72 = w*k - 0*k. Wha